culate the highest common divisor of 1456 and 273.
91
What is the greatest common divisor of 928 and 29?
29
Calculate the highest common factor of 260 and 160.
20
Calculate the highest common divisor of 742 and 2862.
106
What is the greatest common divisor of 74 and 14023?
37
What is the highest common factor of 37 and 32190?
37
Calculate the greatest common divisor of 208 and 7748.
52
Calculate the greatest common divisor of 2071 and 218.
109
Calculate the highest common factor of 110 and 264.
22
What is the highest common divisor of 90 and 3450?
30
Calculate the highest common factor of 65 and 1105.
65
What is the greatest common divisor of 3 and 243?
3
Calculate the highest common divisor of 94 and 5875.
47
What is the highest common divisor of 184 and 16123?
23
Calculate the greatest common divisor of 15 and 535.
5
What is the highest common factor of 25 and 10?
5
Calculate the greatest common divisor of 385 and 140.
35
Calculate the greatest common divisor of 2652 and 52.
52
Calculate the highest common divisor of 26 and 1742.
26
Calculate the highest common divisor of 162 and 468.
18
Calculate the highest common divisor of 2489 and 133.
19
Calculate the highest common divisor of 175 and 1075.
25
Calculate the highest common factor of 84 and 21.
21
What is the greatest common divisor of 7128 and 99?
99
Calculate the highest common factor of 1552 and 2.
2
Calculate the highest common divisor of 54 and 1278.
18
What is the highest common factor of 1333 and 31?
31
Calculate the highest common divisor of 1519 and 49.
49
Calculate the highest common divisor of 72 and 162.
18
Calculate the greatest common divisor of 35 and 295.
5
What is the highest common divisor of 12 and 9564?
12
Calculate the greatest common factor of 95 and 3.
1
Calculate the highest common factor of 36 and 4716.
36
Calculate the highest common divisor of 585 and 54.
9
What is the highest common factor of 8 and 33112?
8
Calculate the highest common divisor of 2030 and 280.
70
What is the highest common divisor of 1276 and 580?
116
What is the greatest common divisor of 3715 and 5?
5
Calculate the highest common factor of 225 and 855.
45
Calculate the highest common divisor of 10 and 1080.
10
What is the greatest common divisor of 221 and 340?
17
Calculate the highest common factor of 944 and 32.
16
What is the highest common factor of 1 and 196?
1
Calculate the highest common divisor of 88475 and 25.
25
What is the highest common divisor of 6996 and 12?
12
Calculate the highest common divisor of 2450 and 450.
50
What is the highest common factor of 500 and 40?
20
What is the highest common divisor of 264 and 184?
8
Calculate the highest common factor of 399 and 171.
57
Calculate the greatest common divisor of 27 and 27.
27
Calculate the greatest common factor of 83 and 8881.
83
What is the highest common factor of 462 and 1122?
66
Calculate the greatest common factor of 210 and 168.
42
What is the greatest common divisor of 15 and 25?
5
What is the greatest common divisor of 44 and 77?
11
What is the highest common divisor of 30464 and 119?
119
Calculate the highest common divisor of 1969 and 11.
11
Calculate the greatest common divisor of 649 and 154.
11
What is the highest common factor of 732 and 16287?
183
What is the highest common divisor of 166 and 2?
2
What is the highest common divisor of 141 and 24?
3
Calculate the greatest common factor of 34 and 18904.
34
What is the highest common factor of 20 and 5630?
10
What is the highest common factor of 152 and 247?
19
Calculate the greatest common divisor of 24 and 8.
8
Calculate the highest common divisor of 3091 and 55.
11
What is the greatest common divisor of 190 and 2888?
38
What is the greatest common factor of 7 and 4193?
7
What is the highest common factor of 48 and 12?
12
What is the greatest common factor of 16629 and 276?
69
What is the highest common factor of 15 and 177?
3
Calculate the highest common factor of 846 and 18.
18
Calculate the highest common factor of 27525 and 15.
15
What is the greatest common factor of 17 and 391?
17
Calculate the highest common factor of 11221 and 98.
49
What is the greatest common factor of 2 and 71?
1
What is the greatest common divisor of 704 and 256?
64
Calculate the greatest common factor of 306 and 1989.
153
Calculate the greatest common divisor of 80 and 2410.
10
What is the greatest common factor of 70 and 635?
5
What is the highest common factor of 3500 and 525?
175
Calculate the greatest common divisor of 451 and 33.
11
Calculate the greatest common divisor of 74 and 9472.
74
What is the highest common factor of 120 and 560?
40
What is the highest common factor of 544 and 17?
17
Calculate the highest common divisor of 106 and 1113.
53
What is the highest common divisor of 58 and 1537?
29
What is the highest common factor of 54 and 144?
18
What is the highest common divisor of 539 and 737?
11
What is the highest common divisor of 183 and 122?
61
Calculate the highest common divisor of 56 and 32.
8
Calculate the greatest common divisor of 66 and 132.
66
Calculate the greatest common divisor of 7614 and 940.
94
What is the highest common factor of 1482 and 6?
6
Calculate the greatest common divisor of 132 and 1353.
33
What is the highest common divisor of 22 and 781?
11
Calculate the greatest common factor of 62128 and 353.
353
Calculate the highest common factor of 1665 and 90.
45
Calculate the highest common divisor of 1440 and 135.
45
What is the greatest common factor of 170 and 130?
10
What is the greatest common divisor of 27 and 369?
9
Calculate the highest common divisor of 1233 and 63.
9
What is the greatest common divisor of 176 and 22?
22
What is the greatest common factor of 931 and 196?
49
Calculate the highest common factor of 5616 and 288.
144
Calculate the highest common factor of 950 and 20.
10
Calculate the highest common divisor of 585 and 45.
45
What is the greatest common factor of 2 and 2003?
1
What is the highest common factor of 99 and 144?
9
Calculate the highest common factor of 4858 and 28.
14
What is the greatest common factor of 4017 and 9?
3
What is the highest common factor of 646 and 38?
38
What is the highest common factor of 21 and 15897?
21
Calculate the greatest common factor of 845 and 7670.
65
Calculate the greatest common divisor of 23424 and 640.
128
Calculate the highest common factor of 2185 and 460.
115
Calculate the greatest common factor of 495 and 275.
55
Calculate the greatest common factor of 7 and 3647.
7
What is the greatest common factor of 1050 and 250?
50
What is the highest common factor of 50 and 2450?
50
What is the greatest common divisor of 66 and 858?
66
What is the greatest common divisor of 118 and 1003?
59
Calculate the highest common factor of 153 and 6.
3
Calculate the highest common divisor of 49 and 1127.
49
Calculate the greatest common factor of 102 and 13821.
51
Calculate the highest common factor of 8 and 3176.
8
Calculate the highest common divisor of 7938 and 18.
18
Calculate the greatest common divisor of 310 and 50.
10
Calculate the highest common factor of 16 and 60272.
16
What is the highest common factor of 1130 and 50?
10
Calculate the highest common factor of 180 and 3045.
15
What is the highest common divisor of 22 and 1243?
11
What is the highest common factor of 9 and 45?
9
Calculate the highest common factor of 1 and 1093.
1
What is the highest common factor of 3438 and 18?
18
Calculate the highest common divisor of 336 and 8904.
168
What is the greatest common divisor of 250 and 10?
10
Calculate the highest common divisor of 17 and 1.
1
What is the greatest common factor of 173 and 692?
173
Calculate the highest common divisor of 600 and 216.
24
What is the highest common divisor of 90 and 54?
18
What is the greatest common divisor of 15 and 15?
15
What is the greatest common divisor of 2406 and 15?
3
Calculate the highest common divisor of 6319 and 71.
71
Calculate the highest common divisor of 1426 and 92.
46
Calculate the highest common factor of 9750 and 143.
13
What is the highest common divisor of 121 and 638?
11
What is the highest common divisor of 8 and 6872?
8
What is the highest common factor of 159 and 583?
53
Calculate the highest common factor of 6962 and 236.
118
W